 + 2*w - 4. Determine c(y).
4
Let m = -21 + 22. Let y(a) = -12*a**3 + 2*a - 1. Determine y(m).
-11
Suppose 0 = 21*b + 89 - 26. Let f(c) = -3*c**3 - c**2 - c - 1. Let a(l) = l**3 - l**2 - l. Let t(g) = -2*a(g) - f(g). What is t(b)?
-8
Let z(i) = 11 + 9 - 21 - i. Determine z(-2).
1
Let j(s) = -4*s + 1. Let p be j(-3). Let c = -7 + p. Let x(z) = 6 + z - c. Calculate x(0).
0
Let v(d) be the third derivative of -d**6/120 + d**5/15 - d**3/6 + 15*d**2. Let o = 7 + -4. Calculate v(o).
8
Let s(h) be the third derivative of -1/120*h**6 - 1/24*h**4 + 0*h - 3*h**2 + 1/20*h**5 + 1/2*h**3 + 0. Give s(4).
-17
Let s(r) = 19*r**3 - 4*r**2 - 2*r. Suppose -4*q - 6 = 2. Let p be (-7*(q + 1))/(-1). Let x(i) = -10*i**3 + 2*i**2 + i. Let y(h) = p*x(h) - 4*s(h). Give y(-1).
7
Let c = -31 - -27. Let f(b) = -3*b - 7. Let x(t) = -t - 1. Let k(h) = f(h) - 2*x(h). Give k(c).
-1
Let c(x) = 5*x + 6. Let l(q) = -11*q - 11. Let o(i) = -9*c(i) - 4*l(i). Let n be o(-6). Let t(w) = -2*w - 6. What is t(n)?
2
Let o(k) = -5*k**2 + 5*k + 10. Let w = 14 - 5. Let y(d) = 11*d**2 - 11*d - 21. Let q(r) = w*o(r) + 4*y(r). Give q(0).
6
Let v(r) = -3 - 7*r + 6*r + 2*r**2 - r. Give v(-2).
9
Let x(d) be the third derivative of d**4/12 - 5*d**3/6 - d**2. Let b(g) = -1. Let z(s) = -3*b(s) + x(s). Give z(3).
4
Let a(h) = -2*h - 2. Suppose -2*r - 3*v = 3, 7 = -3*r + 5*v - 7. Determine a(r).
4
Let l(g) = 4*g + 1. Let a be -2 - (5 + (-3 - 1)). Determine l(a).
-11
Let w(l) = 3*l + 1021 - 2*l - 1028. Calculate w(6).
-1
Let q(p) = 21*p**2 - 3*p - 5. Let y(x) = -10*x**2 + 2*x + 3. Let c(z) = -z**2 + 2*z + 8. Let f be c(5). Let n(d) = f*y(d) - 4*q(d). Give n(-1).
-13
Let f(k) = 5*k**3 + 2*k**2 + 10*k - 10. Let z(w) = -w**3 - w + 1. Let d(l) = -f(l) - 6*z(l). What is d(3)?
1
Suppose -2*y - 7 = -3*h - 0*y, 2*h + 5*y - 30 = 0. Let i(n) = -n**3 - 4*n + 3. Let m(u) = -u**2 - u + 1. Let b(w) = i(w) - 5*m(w). Determine b(h).
3
Let n(r) = r - 1. Let s be n(5). Let q(i) = -s*i - 2 + 1 + 0*i + 3*i. What is q(2)?
-3
Let t(q) = -2*q**2 - 15*q + 2. Suppose 2*l - 8 = 4*l. Let k(i) = i**2 + 8*i - 1. Let r(b) = l*t(b) - 7*k(b). Determine r(-3).
-4
Let v be ((-40)/15)/(-8)*(0 + 6). Let t(s) = s**3 - 3*s**2 + s. What is t(v)?
-2
Let x(s) = -s. Let z be x(0). Let c(h) = -h**3 + h**2 - h + 5. Let m(k) = -3*k**3 + 3*k**2 - 2*k + 12. Let v(f) = -5*c(f) + 2*m(f). What is v(z)?
-1
Let u(r) be the third derivative of 0*r - 1/60*r**5 + 0 - 1/3*r**3 - 7/24*r**4 + r**2. What is u(-5)?
8
Let k(n) = 4*n - 4. Let d(i) = -3*i + 3. Let l(b) = -b**3 + 2*b**2 + 3. Let x be l(3). Let m(z) = x*d(z) - 5*k(z). Determine m(3).
-4
Let c(p) = p + 1. Let o be c(2). Let s(z) = -2*z + 2*z + 4 + z. Determine s(o).
7
Let b(a) = 7 + a - 6*a - 6 + 2. Give b(2).
-7
Let q = -3 + 8. Let y(g) = 7*g - 3. Let v(u) be the second derivative of -4*u**3/3 + u**2 + u. Let b(t) = 4*v(t) + 5*y(t). Give b(q).
8
Suppose 3*z - 8 = -z. Suppose z*w = 8, 4*w = h - 3*h + 20. Let o(g) = -g**h + 3 - 4 + g + 6. Determine o(4).
-7
Suppose -3*h + 3 = 0, u + 2*h + 8 = -2. Let k = u - -7. Let i(v) be the first derivative of v**4/4 + 4*v**3/3 - 3*v**2/2 + 7*v - 5. Determine i(k).
-3
Let l(x) = -x**3 + 5*x**2 - 5*x + 8. Let o be l(4). Let q(u) = 2*u**2 - 6*u + 6. Give q(o).
14
Suppose 0 = -0*x + 3*x. Let r(o) = 3 + x*o + 5*o - o. Suppose -12 = 5*h + 3*y + 1, 0 = -h + 3*y + 1. Determine r(h).
-5
Let j(l) be the third derivative of -l**4/24 + l**3/3 - 2*l**2. Let x(c) = c**3 - 4*c**2 + 2*c + 4. Let m be x(3). Suppose -m = -g + 1. What is j(g)?
0
Let g(o) be the third derivative of o**4/24 - o**3/2 + 3*o**2. Give g(-4).
-7
Suppose u - 4*h + 17 = 0, 7*h - 2*h = -2*u + 18. Let w = 6 + -4. Let v(b) = -4*b**2 + w*b + b - 4*b. Calculate v(u).
-3
Let m(v) = 2*v - 10. Let o(p) = 4*p - 33. Let c be o(10). Give m(c).
4
Let u be (-2 - -5) + (5 - 8). Let y(v) = v + 26. Calculate y(u).
26
Let d(w) = -4*w**3 + 6*w**3 - 5*w**2 + 5*w - 4 - 3*w**3 - 2. Suppose 26 = 3*p + 5*y, 0*y + 3*y - 16 = -2*p. Let j be (21/(-28))/(p/16). What is d(j)?
0
Suppose 0 = -21*x + 25*x - 16. Let a(k) = -x*k + 2*k - 5*k + 6 + k**2. Let l(o) = -o + 4. Let s be l(0). Determine a(s).
-6
Let r(o) be the third derivative of -7*o**5/60 + o**4/24 - o**2. Let f be 1 + 20/(-2) - 0. Let x = -10 - f. Calculate r(x).
-8
Let d(l) = 2*l**3 + 4*l**2 - 3*l - 4. Let w(g) = -3*g**3 - 7*g**2 + 5*g + 7. Let i(n) = 5*d(n) + 3*w(n). Determine i(1).
1
Let s(k) be the first derivative of -2*k**2 + 9*k + 11. Determine s(6).
-15
Let h(f) = -f**3 + 10*f + 3*f**2 + 6 + 2*f**2 - 10*f. Suppose j = -4*j + 35. Suppose -2*n - 5*t + 20 = 0, -3*n + j*n = -5*t + 30. Determine h(n).
6
Let g(k) = -5*k**3 - 20*k**2 - 28*k. Let q(o) = o**3 + 5*o**2 + 7*o. Let i(z) = -2*g(z) - 9*q(z). What is i(6)?
-6
Let c(g) = -2 - 3 - 3*g + 3. Suppose 5*q - 3 = 12. Suppose 0*n = q*n - 6. Give c(n).
-8
Let f(b) = 19*b + 5*b**2 - 2 - 7*b - 14*b - 4 + b**3. What is f(-5)?
4
Let q(l) = l + 6. Let j be q(-4). Let r(o) = -o**j + 2 - 2*o**2 + 7*o**2 + 31*o - 35*o. Determine r(2).
10
Let c = -34 + 33. Let a(z) = 13*z**2 - 1. What is a(c)?
12
Let c be (-4)/(-14) + 46/(-14). Let o = 21 - 19. Let j(v) = 2*v**o + v**3 - v**2 + 2*v**2 - 3. Give j(c).
-3
Let j(n) be the second derivative of -n**5/20 + n**4/3 - n**3/2 - n**2 + 9*n. What is j(4)?
-14
Let g(i) = -4*i**2 + 17*i + i - 8*i + 3*i**2 - 8. Give g(7).
13
Suppose -z - 10 = -3*z. Suppose -z*p - 6 = -1. Let o(q) = 2*q**3 + 1. Give o(p).
-1
Let f(n) = -n - 3. Let k be (2 + -4)/(1/2). Give f(k).
1
Let b(s) be the second derivative of -s**3/6 + s**2/2 - 3*s. Calculate b(-5).
6
Let l(r) = -r**3 - 3*r**2 + 4*r + 2. Let s = -163 - -160. Determine l(s).
-10
Let l(m) be the first derivative of -2 + 5/2*m**2 - 3*m. Give l(2).
7
Let a(b) be the second derivative of b**4/12 + b**3/2 - 2*b**2 + b. Let i = 1029 - 1034. Calculate a(i).
6
Let r(y) = 2*y - 2. Let q = -42 + 47. Calculate r(q).
8
Let i(q) = q**2 + 7*q. Let y(w) = 3*w**2 + 3*w**2 + 21*w - 3*w**2. Let f be 1 - (2 + -2) - 5. Let r(l) = f*y(l) + 11*i(l). Give r(-6).
6
Let c(m) = 7*m + 1. Let t(s) = 8*s + 1. Let q = 34 + -20. Suppose 4*b - 2*b - q = 0. Let i(p) = b*c(p) - 6*t(p). Calculate i(2).
3
Let j = -15 + 15. Let z(l) be the third derivative of -l**6/120 + l**4/24 - 4*l**3/3 - l**2. Give z(j).
-8
Let z(o) = o - 1. Let t(l) = 8*l - 7. Suppose 3*h - 7 + 73 = -3*a, 6 = -h + 3*a. Let m(c) = h*z(c) + 2*t(c). Let x = 8 - 3. Give m(x).
-6
Suppose -3*u - 3 = s, -2*s - 4*u = -0*s + 16. Let h = 14 + s. Let p(v) = 3*v + 4. Calculate p(h).
-8
Let r(x) = 2*x + 1. Let y = 10 - 7. What is r(y)?
7
Let p(j) = -7*j**2 - 407 + 0*j**2 - 9*j + j**3 + 417. What is p(8)?
2
Let n(u) = -5*u**3 + 7*u**2 - 4*u + 3. Let c(q) = 4*q**3 - 7*q**2 + 5*q - 4. Let y = -29 - -25. Let z(i) = y*c(i) - 3*n(i). What is z(6)?
-5
Let w(u) = -4*u**2 + 3*u + 9. Let d(s) = 11*s**2 - 9*s - 26. Let t(h) = 6*d(h) + 17*w(h). What is t(-4)?
-23
Let y(c) = 15*c**3 + 3 - 13*c**3 + 9*c - c**3 + 7*c**2. Determine y(-6).
-15
Let j(u) = -2*u**3 + 4*u**2 - 3*u. Let p = 10 + -17. Let r = p + 9. What is j(r)?
-6
Suppose -5 = -3*d + 40. Suppose d = -0*z + z. Suppose 0*m - z = 5*m. Let a(b) = -b**2 - b + 1. Determine a(m).
-5
Suppose -5*w - f + 6 = 0, 4*w - 16 + 0 = 2*f. Let r(q) = -4 + 3*q + q**w + q - 5*q - 2*q. Suppose 0*z + 9 = 3*z. What is r(z)?
-4
Let d(u) = -u**2 - 3. Let q be d(0). Let k be (-3)/1 - 9/q. Let x(j) = -3*j**2 + 1 - 10 + 2*j**2. Determine x(k).
-9
Let d = 10 + -6. Let x(k) be the second derivative of k**3/6 + k**2/2 + 3*k. Give x(d).
5
Suppose 0 = -2*g - 0*g + 5*t - 7, 3*g + t - 15 = 0. Suppose 5*v - 9 + 3 = -3*f, v - 8 = -g*f. Let d(o) = o**3 - o**2 - 3*o + 3. Give d(f).
1
Let w(n) = n**3 - 5*n**2 - n + 6. Let t(y) = y**2 + 4*y + 5. Let x be t(-4). Calculate w(x).
1
Let t(n) = -n**2 - 2*n - 1. Let r(l) = 5*l**2 + 8*l - 2 + 3*l**2 - l**3 + 8. Suppose -15 = 3*j, i + j = -1 + 5. Let b be r(i). Calculate t(b).
-4
Let z(d) be the first derivative of d**3/3 - 2*d**2 - 1. Suppose 9 = j + 5. Let a be z(j). Let c(b) = -b**3 + b**2 - 2. Give c(a).
-2
Let k(q) be the first derivative of -q**3/3 - q**2 + 2*q + 16. Determine k(1).
-1
Let t be 3*(5/3 - 1). Let z(c) = -4*c + 0 + t*c - 1. Let q(h) = -2*h + 3. Let v be q(4). Give z(v).
9
Let l(z) = z + 5. Suppose -3*m + 12 = 5*q, -2 = q + m + 4*m. Let o be 5/(-2) - q/6. Let r be l(o